isor of 27 and 459.
27
Calculate the highest common divisor of 81 and 21.
3
What is the greatest common divisor of 104 and 910?
26
What is the greatest common divisor of 624 and 4836?
156
Calculate the greatest common divisor of 598 and 46.
46
Calculate the highest common factor of 92 and 138.
46
Calculate the highest common factor of 2142 and 378.
126
What is the greatest common factor of 114 and 418?
38
Calculate the greatest common factor of 70 and 49.
7
What is the greatest common divisor of 6925 and 1108?
277
What is the greatest common divisor of 18416 and 16?
16
Calculate the highest common factor of 156 and 897.
39
What is the highest common divisor of 75 and 345?
15
Calculate the highest common factor of 165 and 120.
15
Calculate the greatest common factor of 8 and 4952.
8
Calculate the greatest common divisor of 1107 and 41.
41
Calculate the highest common factor of 448 and 406.
14
Calculate the greatest common divisor of 16 and 134.
2
What is the greatest common divisor of 444 and 10?
2
What is the highest common factor of 1541 and 23?
23
Calculate the highest common divisor of 736 and 48.
16
Calculate the greatest common factor of 6 and 98.
2
Calculate the greatest common factor of 874 and 414.
46
What is the highest common factor of 84 and 861?
21
Calculate the highest common divisor of 1152 and 400.
16
Calculate the highest common divisor of 472 and 32.
8
What is the greatest common factor of 48 and 3?
3
What is the greatest common factor of 112 and 752?
16
What is the highest common factor of 54 and 432?
54
Calculate the highest common factor of 44 and 1364.
44
Calculate the highest common factor of 111 and 148.
37
What is the greatest common divisor of 26 and 481?
13
What is the highest common divisor of 1221 and 22?
11
What is the highest common divisor of 55 and 88?
11
Calculate the highest common factor of 378 and 35.
7
Calculate the greatest common factor of 649 and 33.
11
What is the greatest common divisor of 474 and 48?
6
What is the greatest common divisor of 14 and 28?
14
What is the highest common factor of 110 and 720?
10
Calculate the highest common divisor of 180 and 1140.
60
Calculate the greatest common factor of 578 and 102.
34
What is the greatest common factor of 1640 and 160?
40
What is the greatest common divisor of 30 and 6?
6
Calculate the greatest common factor of 28 and 12.
4
What is the highest common divisor of 316 and 395?
79
Calculate the highest common divisor of 8 and 19124.
4
Calculate the greatest common factor of 28 and 91.
7
Calculate the greatest common factor of 420 and 1995.
105
What is the greatest common factor of 299 and 13?
13
Calculate the greatest common divisor of 210 and 84.
42
What is the greatest common divisor of 4 and 118?
2
What is the highest common divisor of 320 and 48?
16
Calculate the greatest common divisor of 100 and 4050.
50
What is the greatest common divisor of 57 and 7809?
57
Calculate the greatest common divisor of 3855 and 15.
15
Calculate the greatest common factor of 4 and 18.
2
What is the highest common divisor of 24 and 536?
8
Calculate the greatest common divisor of 171 and 532.
19
What is the greatest common factor of 938 and 896?
14
What is the highest common divisor of 105 and 6?
3
Calculate the highest common divisor of 1641 and 69.
3
Calculate the greatest common divisor of 39 and 325.
13
Calculate the greatest common divisor of 948 and 624.
12
What is the greatest common divisor of 882 and 4032?
126
What is the greatest common factor of 24003 and 189?
189
What is the highest common factor of 58 and 3219?
29
Calculate the greatest common factor of 336 and 5136.
48
Calculate the highest common factor of 104 and 689.
13
Calculate the highest common divisor of 1898 and 1168.
146
What is the greatest common factor of 3264 and 64?
64
Calculate the highest common factor of 7224 and 24.
24
Calculate the greatest common factor of 275 and 25.
25
What is the highest common divisor of 75 and 3105?
15
Calculate the greatest common divisor of 16370 and 20.
10
Calculate the highest common divisor of 8 and 2144.
8
Calculate the highest common factor of 139 and 48233.
139
What is the greatest common factor of 31 and 496?
31
Calculate the greatest common divisor of 27414 and 9.
9
What is the greatest common divisor of 138 and 4071?
69
What is the greatest common factor of 56 and 154?
14
Calculate the highest common factor of 52 and 18642.
26
Calculate the greatest common factor of 1334 and 69.
23
Calculate the greatest common divisor of 117 and 279.
9
Calculate the highest common divisor of 12 and 802.
2
Calculate the highest common divisor of 1314 and 12.
6
Calculate the greatest common divisor of 38 and 28291.
19
What is the greatest common divisor of 128 and 144?
16
Calculate the greatest common divisor of 297 and 576.
9
What is the highest common factor of 78 and 3003?
39
Calculate the highest common divisor of 2043 and 18.
9
Calculate the greatest common factor of 220 and 240.
20
What is the highest common divisor of 1566 and 4002?
174
Calculate the highest common divisor of 11 and 715.
11
Calculate the greatest common divisor of 54 and 90.
18
Calculate the highest common divisor of 14592 and 1280.
256
Calculate the greatest common factor of 63 and 693.
63
What is the highest common divisor of 90 and 156?
6
Calculate the greatest common factor of 13 and 520.
13
Calculate the highest common divisor of 20 and 260.
20
Calculate the highest common divisor of 169 and 19097.
169
What is the highest common divisor of 94 and 2?
2
Calculate the greatest common divisor of 132 and 4180.
44
Calculate the highest common divisor of 8 and 452.
4
Calculate the greatest common factor of 304 and 19.
19
Calculate the highest common factor of 36 and 324.
36
What is the greatest common factor of 209 and 133?
19
What is the greatest common factor of 96 and 15344?
16
What is the greatest common divisor of 57 and 19?
19
What is the greatest common factor of 352 and 64?
32
Calculate the highest common factor of 17 and 1.
1
Calculate the highest common factor of 117 and 13.
13
Calculate the highest common factor of 14 and 27986.
14
Calculate the highest common factor of 2074 and 122.
122
Calculate the greatest common factor of 2 and 3084.
2
What is the greatest common factor of 120 and 540?
60
Calculate the greatest common factor of 197 and 13987.
197
Calculate the highest common divisor of 3087 and 18.
9
What is the greatest common factor of 108 and 96?
12
Calculate the highest common divisor of 187 and 5967.
17
Calculate the greatest common factor of 24 and 96.
24
What is the highest common divisor of 117 and 441?
9
Calculate the highest common factor of 98 and 1582.
14
Calculate the greatest common divisor of 23352 and 168.
168
Calculate the highest common divisor of 105 and 15.
15
Calculate the greatest common factor of 2021 and 86.
43
What is the highest common factor of 369 and 18?
9
What is the highest common factor of 78 and 286?
26
Calculate the greatest common factor of 63 and 28.
7
Calculate the highest common factor of 30 and 5085.
15
Calculate the greatest common divisor of 2838 and 132.
66
Calculate the greatest common divisor of 7 and 875.
7
What is the greatest common factor of 18 and 12798?
18
What is the highest common divisor of 330 and 30?
30
Calculate the greatest common divisor of 7566 and 26.
26
Calculate the greatest common factor of 234 and 22698.
234
What is the greatest common factor of 407 and 1793?
11
Calculate the highest common divisor of 13 and 1638.
13
Calculate the highest common factor of 162 and 198.
18
What is the highest common factor of 100 and 50?
50
What is the highest common divisor of 1394 and 82?
82
Calculate the highest common factor of 287 and 189.
7
What is the greatest common divisor of 21 and 1848?
21
Calculate the greatest common factor of 152 and 1368.
152
What is the greatest common factor of 676 and 1612?
52
What is the greatest common factor of 61 and 61?
61
What is the greatest common factor of 110 and 1705?
55
Calculate the greatest common divisor of 21 and 36477.
21
Calculate the greatest common divisor of 11080 and 360.
40
What is the greatest common factor of 80 and 560?
80
What is the highest common divisor of 2 and 453?
1
What 